15 = c. Calculate the greatest common divisor of 3 and c.
3
Let o(n) = n - 1. Let b be o(4). What is the greatest common divisor of 24 and b?
3
Suppose -2*b + 7*j = 3*j + 166, -3*b - 2*j - 265 = 0. Suppose 2*q = 243 + 251. Let i = q + b. What is the greatest common divisor of i and 20?
20
Let u = 6 - 4. Let x be -2 - -4*21/6. Suppose u*p - x = -2*p. What is the greatest common divisor of 21 and p?
3
Let k be (12/(-10))/((-6)/380). Suppose -8*i = -4*i - 76. What is the highest common divisor of k and i?
19
Let k(r) = r**3 + 4*r**2 - 2*r + 2. Let v be k(-4). Suppose j = 10 + v. What is the greatest common factor of j and 40?
20
Let r(n) = 5*n**2 - 3*n + 12. Let u be r(3). Calculate the highest common factor of u and 120.
24
Let g be (-4)/(-10) - 41256/40. Let m = -728 - g. Suppose 3*c - 4*b = m, 3*c = -c + 3*b + 411. What is the greatest common factor of c and 15?
15
Suppose -v + 312 = 2*v. Calculate the greatest common factor of 13 and v.
13
Suppose 0*c - 8 = c. Let p = c - -9. Calculate the highest common factor of 9 and p.
1
Suppose 0 = 3*a + 2*a - 4*b - 152, -132 = -4*a - 2*b. What is the greatest common factor of a and 160?
32
Let u be (0/(-4))/(2*-1). Suppose 3*i + 2*i + 30 = u. Let b be (i/(-7))/(3/63). Calculate the greatest common factor of 27 and b.
9
Let m be (-2)/2*0 + 22. Let k = m + -12. What is the highest common factor of 80 and k?
10
Suppose 0 = z - 1 - 8. Let d be 943/z - (-6)/27. Calculate the greatest common divisor of 42 and d.
21
Suppose -1 = -f + 15. Suppose -j = w + 2*j - f, 3*w + 5*j = 36. Let m be ((-56)/(-6))/(2/12). Calculate the greatest common factor of m and w.
7
Let v(p) = -p**2 + 3*p - 1. Let h be v(1). Suppose -s - 2*r = -h, -2*r - 19 = -5*s + 10. Calculate the highest common divisor of s and 2.
1
Let x be 25/(-15)*(-3 - 0). What is the greatest common factor of x and 40?
5
Let k = 130 - 102. What is the highest common factor of k and 392?
28
Suppose 3 = -a + 8. Let s(g) = 36*g - 4. Let o(b) = -9*b + 1. Let p(w) = -26*o(w) - 6*s(w). Let d be p(a). What is the greatest common divisor of d and 8?
8
Let w be 1/(2 - (-18)/(-8)). Let r = 14 - w. Suppose 2*c - c - r = 0. Calculate the highest common factor of c and 6.
6
Let l = -176 + 281. Let n be (0 + 5)/(1/3). Calculate the greatest common divisor of n and l.
15
Let x(c) = -c**3 - 6*c**2 + 2*c - 7. Let z be x(-7). Calculate the highest common divisor of z and 14.
14
Suppose k = -5*a - 34, -3*k - 5*a = -5*k - 8. Let r be 104/28 - 4/k. Let f = r - -7. Calculate the highest common divisor of f and 121.
11
Let f(o) = o**2 + 11*o + 12. Let n be f(-11). Calculate the highest common divisor of 60 and n.
12
Let d = 3 - 5. Let r be 4*((-2 - d) + 4). Suppose r = s - 12. What is the highest common factor of s and 4?
4
Let t = 5 + 5. Calculate the greatest common factor of 80 and t.
10
Let l be (-3 - 0)*(-2)/6. Calculate the greatest common divisor of 5 and l.
1
Let a be (-4)/(-10) + (-98)/(-5). Suppose 0 = 12*m - 1453 + 493. What is the greatest common divisor of m and a?
20
Suppose -2*y - 3*u + 4 = 0, -10 = -5*y + u - 0*u. Let b = y - 1. Calculate the highest common divisor of b and 1.
1
Suppose 3*l = 4*l + q - 174, -4*q = 8. What is the greatest common factor of l and 11?
11
Let q = 4 + -3. Suppose 2*b + 2*b = -5*o - q, -25 = -3*o + 4*b. Suppose -o*n + 4*r - 6 = 0, 4*r = -3 + 15. What is the highest common factor of n and 6?
2
Let a be 2/(-9) - 40/(-18). Suppose -5*s + 570 = 4*x, -2*s + a*x - 41 = -251. What is the highest common factor of 22 and s?
22
Let l(t) = -t**2 - 4*t + 1. Let m be l(-3). Suppose 0 = m*j - 35 - 21. Calculate the highest common divisor of j and 126.
14
Let i = 5 + 3. Calculate the highest common factor of 72 and i.
8
Suppose 0 = t - 8 - 7. Let o = 49 + 86. What is the greatest common factor of o and t?
15
Let h(z) = -5*z - 5. Let t be h(-5). Let x = 34 + -20. Let d = t - x. What is the greatest common divisor of 30 and d?
6
Let j be (-3)/(2/(-20)*2). Let d be 4/22 + (-4)/22. Suppose d = r - 76 - 59. What is the highest common divisor of r and j?
15
Suppose 0 = 4*c - y - 49, 0 = c - 3*y - 2*y - 17. What is the greatest common factor of c and 60?
12
Let o = -41 + 45. Calculate the highest common factor of o and 8.
4
Let m = 9 - -13. Calculate the highest common divisor of 11 and m.
11
Let i = -4 - -8. Suppose -i*d - 60 = -6*d. Suppose -4*j + 47 = -33. Calculate the highest common factor of d and j.
10
Suppose 0 = -0*i - i + 22. Let h(k) = -2*k**3 - 6*k**2 + 2. Let o be h(-4). Let j = o - i. What is the highest common divisor of 108 and j?
12
Let k be (-24)/(-20)*(83 + -3). What is the greatest common divisor of 12 and k?
12
Let o(z) = -2*z**3 - 5*z**2 + 2*z - 4. Let t be o(-4). Let b be (-36)/2 - 3/(-1). Let u be -3 - (b - (-1 - 2)). Calculate the greatest common factor of t and u.
9
Let p = 18 + -4. What is the greatest common factor of p and 14?
14
Let o(l) = l**2 + 2*l - 1. Let b be o(3). Calculate the greatest common factor of b and 21.
7
Let p be 14/(-4)*2*-1. What is the highest common divisor of p and 35?
7
Let a be (75/(-12) - -7)/(1/44). Calculate the greatest common factor of 33 and a.
33
Let x(i) = -3*i - 13. Let a be x(-12). Calculate the highest common divisor of a and 253.
23
Suppose 87 = 2*t + 3*x, 5*t - 220 = 2*x - 7*x. Let s be t + (-1 - 1) - -1. Suppose 3*w - 6*w + 33 = 0. Calculate the highest common factor of s and w.
11
Let g = 5 + 0. Let a(o) = -g*o - 6*o + 4*o. Let x be a(-2). What is the highest common factor of x and 126?
14
Suppose -3*y = h - 7*y, -y + 10 = h. What is the highest common factor of 4 and h?
4
Suppose -5*v = -3*v - 24. Suppose -v*y - 36 = -15*y. Calculate the highest common divisor of 84 and y.
12
Let u(z) = -z + 3. Let c be u(0). Suppose l - 21 = -5*v, c*l - 3*v - 46 = -v. What is the greatest common factor of 112 and l?
16
Let y be (220/77)/(2/7) + 1. What is the highest common divisor of 1 and y?
1
Let o(k) = k**2 - 5*k - 14. Let f be o(9). What is the highest common divisor of 11 and f?
11
Let a(f) = f**2 - 11*f + 4. Let s be a(11). Suppose -5*m = -q + 35, 5*q + 0*q - 45 = -m. Calculate the highest common divisor of q and s.
2
Suppose -10 = -2*f - 2. Let r = -65 + 127. Suppose -5*b - 2 = -r. Calculate the greatest common divisor of f and b.
4
Suppose -5*k - 2*s = 191, 3*k - s - 43 + 162 = 0. Let b = -26 - k. Calculate the highest common factor of 26 and b.
13
Let r(k) = -k**3 - 14*k**2 + 16*k + 19. Let t be r(-15). What is the greatest common factor of 36 and t?
4
Let s(d) = -5*d**3 + d. Let r be s(-1). Let f = 85 - 69. What is the greatest common divisor of r and f?
4
Suppose 5*h - 11 = -2*w + 30, 2*w + h = 53. What is the highest common factor of 84 and w?
28
Suppose 9*v = 4*v + 55. Suppose 605 = h + 4*h. Calculate the highest common divisor of h and v.
11
Let j(g) = g + 1. Let b be j(-2). Let z(h) = 20*h**2. Let k be z(b). Calculate the highest common factor of k and 8.
4
Suppose -a = -2*k - 0*k + 38, a = -2. Suppose -2*l = -4*l + k. Calculate the greatest common divisor of 18 and l.
9
Suppose 0 = 5*c + 4*t - 94, 0*c - 4*t = 4*c - 76. What is the greatest common divisor of c and 12?
6
Let h(v) = v**3 + v**2 + 2*v - 2. Let j be h(3). Let t = 176 - j. Let c = t + -88. What is the highest common divisor of c and 32?
16
Let f be (-11)/44 + (-34)/(-8). Suppose 6 = g + 2. Suppose -g*u - 191 = -5*h, 2*u + 142 = f*h - 12. Calculate the greatest common divisor of 13 and h.
13
Let l(g) = -g**3 + 2*g**2 + 2*g. Let a be l(3). Let c = a - -5. Calculate the greatest common divisor of 5 and c.
1
Let l(i) = -2*i**3 + 2*i**2 - 1. Let j be l(-1). Suppose -4*f - 28 + 166 = 2*h, 114 = j*f - 2*h. What is the greatest common divisor of 9 and f?
9
Let r(n) = 2*n**3 - 2*n**2 + 2*n - 2. Let c be r(3). Let t be 1 + 1 - 4 - 0. Let u be (-12)/8 - 23/t. What is the greatest common divisor of u and c?
10
Let k be (-4)/18 + 951/27. Let r(v) = 2*v**3 - 3*v**2 - 4*v - 1. Let j be r(3). Calculate the highest common divisor of j and k.
7
Suppose 5*r - 5*c + 7 = -18, 0 = 5*r - 4*c + 27. Let b be 1/(2 + 13/r). What is the highest common factor of b and 21?
7
Let z = 5 - -1. What is the highest common divisor of 15 and z?
3
Let u be (-151)/(-3) - 2/6. What is the greatest common factor of u and 400?
50
Let v = 18 + -13. Let m = v + 1. Calc